{"id":19,"date":"2024-02-15T10:14:10","date_gmt":"2024-02-15T09:14:10","guid":{"rendered":"http:\/\/jacom.cz\/?page_id=19"},"modified":"2024-06-11T09:27:27","modified_gmt":"2024-06-11T07:27:27","slug":"o-nas","status":"publish","type":"page","link":"https:\/\/jacom.cz\/","title":{"rendered":"O n\u00e1s"},"content":{"rendered":"\n<h2 class=\"wp-block-heading has-text-align-center has-text-color has-link-color wp-elements-b3ede4d5526d138d5d3499b3c8be47ee\" style=\"color:#8cb53f\">V\u00edtejte na str\u00e1nk\u00e1ch spole\u010dnosti JACOM spol. s.r.o.<\/h2>\n\n\n\n<p class=\"has-text-align-center\">Spole\u010dnost JACOM vznikla v roce 1991. V sou\u010dasnosti podnik\u00e1 v r\u00e1mci \u010cesk\u00e9 republiky, Slovenska, Ma\u010farska a Rakouska.<br>P\u0159edm\u011btem podnik\u00e1n\u00ed spole\u010dnosti jsou jatka Hole\u0161ov a jejich provoz, jate\u010dn\u00e9 zpracovan\u00ed zv\u00ed\u0159at, bour\u00e1n\u00ed masa,<br>velkoobchod, p\u0159eprava jate\u010dn\u00fdch zv\u00ed\u0159at a rozvoz masa.<\/p>\n\n\n\n<hr class=\"wp-block-separator has-alpha-channel-opacity\"\/>\n\n\n\n<h2 class=\"wp-block-heading has-text-align-center has-text-color has-link-color wp-elements-45501af5d4feacaa36295c1d343758f4\" style=\"color:#8cb53f\">AKTUALITY<\/h2>\n\n\n\n<p class=\"has-text-align-center\">dokon\u010den\u00ed projektu \u00daSPORY ENERGIE SPOLE\u010cNOSTI JACOM, SPOL. S R. O.<\/p>\n\n\n<div class=\"wp-block-image\">\n<figure class=\"aligncenter size-full\"><img loading=\"lazy\" decoding=\"async\" width=\"305\" height=\"169\" src=\"https:\/\/jacom.cz\/wp-content\/uploads\/2024\/06\/uspora.jpg\" alt=\"\" class=\"wp-image-144\" srcset=\"https:\/\/jacom.cz\/wp-content\/uploads\/2024\/06\/uspora.jpg 305w, https:\/\/jacom.cz\/wp-content\/uploads\/2024\/06\/uspora-300x166.jpg 300w\" sizes=\"auto, (max-width: 305px) 100vw, 305px\" \/><\/figure>\n<\/div>\n\n\n<p><br><\/p>\n\n\n\n<h3 class=\"wp-block-heading has-text-align-center has-luminous-vivid-amber-color has-text-color has-link-color wp-elements-3e8ce166b49451a3a7d544780a5b0661\">Nab\u00edz\u00edme slu\u017eby v t\u011bchto oblastech<\/h3>\n\n\n\n<div class=\"wp-block-columns is-layout-flex wp-container-core-columns-is-layout-9d6595d7 wp-block-columns-is-layout-flex\">\n<div class=\"wp-block-column is-layout-flow wp-block-column-is-layout-flow\"><div class=\"wp-block-image\">\n<figure class=\"aligncenter size-full\"><img loading=\"lazy\" decoding=\"async\" width=\"75\" height=\"75\" src=\"http:\/\/jacom.cz\/wp-content\/uploads\/2024\/02\/jatka-icon.png\" alt=\"\" class=\"wp-image-99\"\/><\/figure>\n<\/div>\n\n\n<p class=\"has-text-align-center has-luminous-vivid-amber-color has-text-color has-link-color wp-elements-2b1e275df22b17db01f85465c3c7f119\"><strong>Jatka Hole\u0161ov<\/strong><br> a jejich provoz<\/p>\n<\/div>\n\n\n\n<div class=\"wp-block-column is-layout-flow wp-block-column-is-layout-flow\"><div class=\"wp-block-image\">\n<figure class=\"aligncenter size-full\"><img loading=\"lazy\" decoding=\"async\" width=\"75\" height=\"75\" src=\"http:\/\/jacom.cz\/wp-content\/uploads\/2024\/02\/nakladni-doprava.png\" alt=\"\" class=\"wp-image-100\"\/><\/figure>\n<\/div>\n\n\n<p class=\"has-text-align-center has-luminous-vivid-amber-color has-text-color has-link-color wp-elements-ceb0c1efa772c553c5bf1c58f00c14da\"><strong>N\u00e1kladn\u00ed doprava<\/strong><br>zaji\u0161\u0165ujeme ve\u0161kerou dopravu<\/p>\n<\/div>\n\n\n\n<div class=\"wp-block-column is-layout-flow wp-block-column-is-layout-flow\"><div class=\"wp-block-image\">\n<figure class=\"aligncenter size-full\"><img loading=\"lazy\" decoding=\"async\" width=\"75\" height=\"75\" src=\"http:\/\/jacom.cz\/wp-content\/uploads\/2024\/02\/zemedelska-technika.png\" alt=\"\" class=\"wp-image-101\"\/><\/figure>\n<\/div>\n\n\n<p class=\"has-text-align-center has-luminous-vivid-amber-color has-text-color has-link-color wp-elements-5ccae48a48407c0275862ef9fad3c9f9\"><strong>Zem\u011bd\u011blsk\u00e1 technika<\/strong><br>pron\u00e1jem techniky i s obsluhou<\/p>\n<\/div>\n<\/div>\n\n\n\n<hr class=\"wp-block-separator has-alpha-channel-opacity\"\/>\n\n\n\n<div class=\"wp-block-columns is-layout-flex wp-container-core-columns-is-layout-9d6595d7 wp-block-columns-is-layout-flex\">\n<div class=\"wp-block-column is-layout-flow wp-block-column-is-layout-flow\">\n<h3 class=\"wp-block-heading\">JACOM spol s.r.o.<\/h3>\n\n\n\n<p>Spole\u010dnost JACOM s.r.o. vznikla v roce 1991. V sou\u010dasnosti podnik\u00e1 v r\u00e1mci \u010cesk\u00e9 republiky, Slovenska, N\u011bmecka a Rakouska. P\u0159edm\u011btem podnik\u00e1n\u00ed spole\u010dnosti jsou p\u0159edev\u0161\u00edm tyto aktivity :<\/p>\n\n\n\n<ul class=\"wp-block-list\">\n<li>JATKA HOLE\u0160OV A JEJICH PROVOZ<\/li>\n\n\n\n<li>P\u0158EPRAVA A SVOZ JATE\u010cN\u00ddCH ZV\u00cd\u0158AT<\/li>\n\n\n\n<li>JATE\u010cN\u00c9 ZPRACOV\u00c1N\u00cd ZV\u00cd\u0158AT<\/li>\n\n\n\n<li>BOUR\u00c1N\u00cd MASA<\/li>\n\n\n\n<li>POR\u00c1\u017dKA VEP\u0158OV\u00c9HO DOBYTKA<\/li>\n\n\n\n<li>POR\u00c1\u017dKA HOV\u011aZ\u00cdHO DOBYTKA<\/li>\n\n\n\n<li>DOM\u00c1C\u00cd POR\u00c1\u017dKA<\/li>\n\n\n\n<li>VELKOOBCHOD S MASEM<\/li>\n\n\n\n<li>ROZVOZ MASA<\/li>\n<\/ul>\n<\/div>\n\n\n\n<div class=\"wp-block-column is-layout-flow wp-block-column-is-layout-flow\">\n<figure class=\"wp-block-image size-full\"><img loading=\"lazy\" decoding=\"async\" width=\"280\" height=\"149\" src=\"https:\/\/jacom.cz\/wp-content\/uploads\/2024\/02\/jacomonas.jpg\" alt=\"\" class=\"wp-image-110\"\/><\/figure>\n\n\n\n<h4 class=\"wp-block-heading has-text-align-left has-luminous-vivid-amber-color has-text-color has-link-color wp-elements-74231435f86a9ae291d1af91b0e336ff\">NA\u0160E SPOLE\u010cNOST NAB\u00cdZ\u00cd KLIENT\u016eM TAK\u00c9 TYTO SLU\u017dBY<\/h4>\n\n\n\n<p>P\u0159epravu hospod\u00e1\u0159sk\u00fdch zv\u00ed\u0159at, silni\u010dn\u00ed n\u00e1kladn\u00ed autodopravu, kontejnerovou p\u0159epravu, pron\u00e1jem zem\u011bd\u011blsk\u00e9 techniky, pron\u00e1jem st\u00e1j\u00ed pro kon\u011b a jezdeck\u00e9 haly, leteckou p\u0159epravu a pron\u00e1jem nemovitost\u00ed.<\/p>\n<\/div>\n\n\n\n<div class=\"wp-block-column is-layout-flow wp-block-column-is-layout-flow\">\n<h3 class=\"wp-block-heading\">O NA\u0160\u00cd SPOLE\u010cNOSTI<\/h3>\n\n\n\n<h4 class=\"wp-block-heading has-text-color has-link-color wp-elements-4b39fda6f2fd64b492a06a2a76a9c359\" style=\"color:#8cb53f\">Are\u00e1l spole\u010dnosti<\/h4>\n\n\n\n<p>V roce 2004 byla provedena celkov\u00e1 modernizace na\u0161eho are\u00e1lu<\/p>\n\n\n\n<hr class=\"wp-block-separator has-alpha-channel-opacity\"\/>\n\n\n\n<h4 class=\"wp-block-heading has-text-color has-link-color wp-elements-435c993988780a226dc4c9c201cbbb8c\" style=\"color:#8cb53f\">P\u016fvod na\u0161ich zv\u00ed\u0159at<\/h4>\n\n\n\n<p>Zv\u00ed\u0159ata jsou nakupov\u00e1na od obchodn\u00edch dru\u017estev, podnik\u016f a zem\u011bd\u011blc\u016f v okol\u00ed.<\/p>\n\n\n\n<hr class=\"wp-block-separator has-alpha-channel-opacity\"\/>\n\n\n\n<h4 class=\"wp-block-heading has-text-color has-link-color wp-elements-ad9879b228e85a48500b3a12520aa48a\" style=\"color:#8cb53f\">Hygienick\u00e9 p\u0159edpisy<\/h4>\n\n\n\n<p>Spl\u0148ujeme hygienick\u00e9 podminky EHS, stanoven\u00e9 p\u0159edpisy IPPC a syst\u00e9m HACCP.<\/p>\n<\/div>\n<\/div>\n","protected":false},"excerpt":{"rendered":"<p>V\u00edtejte na str\u00e1nk\u00e1ch spole\u010dnosti JACOM spol. s.r.o. Spole\u010dnost JACOM vznikla v roce 1991. V sou\u010dasnosti podnik\u00e1 v r\u00e1mci \u010cesk\u00e9 republiky, Slovenska, Ma\u010farska a Rakouska.P\u0159edm\u011btem podnik\u00e1n\u00ed&hellip;<\/p>\n","protected":false},"author":1,"featured_media":39,"parent":0,"menu_order":0,"comment_status":"closed","ping_status":"closed","template":"","meta":{"footnotes":""},"class_list":["post-19","page","type-page","status-publish","has-post-thumbnail","hentry"],"_links":{"self":[{"href":"https:\/\/jacom.cz\/index.php?rest_route=\/wp\/v2\/pages\/19","targetHints":{"allow":["GET"]}}],"collection":[{"href":"https:\/\/jacom.cz\/index.php?rest_route=\/wp\/v2\/pages"}],"about":[{"href":"https:\/\/jacom.cz\/index.php?rest_route=\/wp\/v2\/types\/page"}],"author":[{"embeddable":true,"href":"https:\/\/jacom.cz\/index.php?rest_route=\/wp\/v2\/users\/1"}],"replies":[{"embeddable":true,"href":"https:\/\/jacom.cz\/index.php?rest_route=%2Fwp%2Fv2%2Fcomments&post=19"}],"version-history":[{"count":27,"href":"https:\/\/jacom.cz\/index.php?rest_route=\/wp\/v2\/pages\/19\/revisions"}],"predecessor-version":[{"id":150,"href":"https:\/\/jacom.cz\/index.php?rest_route=\/wp\/v2\/pages\/19\/revisions\/150"}],"wp:featuredmedia":[{"embeddable":true,"href":"https:\/\/jacom.cz\/index.php?rest_route=\/wp\/v2\/media\/39"}],"wp:attachment":[{"href":"https:\/\/jacom.cz\/index.php?rest_route=%2Fwp%2Fv2%2Fmedia&parent=19"}],"curies":[{"name":"wp","href":"https:\/\/api.w.org\/{rel}","templated":true}]}}